{"id":655,"date":"2014-01-28T14:43:12","date_gmt":"2014-01-28T13:43:12","guid":{"rendered":"https:\/\/jkm.webkonzeption.info\/?page_id=655"},"modified":"2019-03-06T09:32:10","modified_gmt":"2019-03-06T08:32:10","slug":"events","status":"publish","type":"page","link":"https:\/\/juedischekulturmuenchen.de\/?page_id=655","title":{"rendered":"Events"},"content":{"rendered":"<p><strong>2018<\/strong><br \/>\n<a href=\"https:\/\/juedischekulturmuenchen.de\/?p=2158\">Fahrt zur Gedenkst\u00e4tte Flossenb\u00fcrg 22.4.2018<\/a><\/p>\n<p><strong>2016<\/strong><br \/>\n<a href=\"https:\/\/juedischekulturmuenchen.de\/?p=1530\">Niki Jacobs und Band &#8222;Mameloshn&#8220; 9.3.2016<\/a><br \/>\n<a href=\"https:\/\/juedischekulturmuenchen.de\/?p=1562\">&#8222;Bewahre auf ewig mein Wort&#8230;&#8220; Zum 125. Geburtstag von Ossip Mandelstam 15.6.2016<\/a><br \/>\n<a href=\"https:\/\/juedischekulturmuenchen.de\/?p=1658\">&#8222;Auf Nachricht warten&#8220; 25.10.2016<\/a><\/p>\n<p><strong>2015<\/strong><br \/>\n<a href=\"https:\/\/juedischekulturmuenchen.de\/?p=1122\" title=\"Giornata della memoria\">Giornata della memoria 2015<\/a><br \/>\n<a href=\"https:\/\/juedischekulturmuenchen.de\/?p=1139\" title=\"Film\">Das Schicksal der j\u00fcdischen Bev\u00f6lkerung im B\u00f6hmerwald und im Bayerischen Wald 4.2.2015<\/a><br \/>\n<a href=\"https:\/\/juedischekulturmuenchen.de\/?p=1130\" title=\"Veranstaltungsvorschau\">Die Gedanken sind frei 24.2.2015<\/a><br \/>\n<a href=\"https:\/\/juedischekulturmuenchen.de\/?p=1192\" title=\"Literarisch-musikalische Soir\u00e9e in der Seidl-Villa\">Das wunderbare \u00dcberleben 11.3.2015<\/a><br \/>\n<a href=\"https:\/\/juedischekulturmuenchen.de\/?p=1281\">Ein Mosaiksteinchen des Hintergrundes 23.4.2015<\/a><\/p>\n<p><strong>2014<\/strong><br \/>\n<a href=\"https:\/\/juedischekulturmuenchen.de\/?p=1091\" title=\"Veranstaltungshinweis\">Kafkas Roman \u201eDer Proce\u00df\u201c<\/a><br \/>\n<a href=\"https:\/\/juedischekulturmuenchen.de\/?p=824\" title=\"Veranstaltungsvorschau\">Es war einmal in Odessa 9.7.2014<\/a><br \/>\n<a href=\"https:\/\/juedischekulturmuenchen.de\/?p=701\" title=\"Unsere n\u00e4chste Veranstaltung\">Konzert &#8222;Brooklyn&#8220; 2.6.2014<\/a><br \/>\n<a href=\"https:\/\/juedischekulturmuenchen.de\/?p=685\" title=\"Veranstaltungsvorschau\">My German Children 12.3.2014<\/a><br \/>\n<a href=\"https:\/\/juedischekulturmuenchen.de\/?p=636\" title=\"R\u00fcckblick\">Ostwestlich &#8211; West\u00f6stlich 28.1.2014<\/a><br \/>\n<a href=\"https:\/\/juedischekulturmuenchen.de\/?p=334\" title=\"R\u00fcckblick \u201cGiornata della memoria\u201d\">Giornata della Memoria 2014<\/a><\/p>\n","protected":false},"excerpt":{"rendered":"<p>2018 Fahrt zur Gedenkst\u00e4tte Flossenb\u00fcrg 22.4.2018 2016 Niki Jacobs und Band &#8222;Mameloshn&#8220; 9.3.2016 &#8222;Bewahre auf ewig mein Wort&#8230;&#8220; Zum 125. Geburtstag von Ossip Mandelstam 15.6.2016 &#8222;Auf Nachricht warten&#8220; 25.10.2016 2015 Giornata della memoria 2015 Das Schicksal der j\u00fcdischen Bev\u00f6lkerung im B\u00f6hmerwald und im Bayerischen Wald 4.2.2015 Die Gedanken sind frei 24.2.2015 Das wunderbare \u00dcberleben 11.3.2015 [&hellip;]<\/p>\n","protected":false},"author":2,"featured_media":0,"parent":0,"menu_order":0,"comment_status":"closed","ping_status":"closed","template":"","meta":{"footnotes":""},"class_list":["post-655","page","type-page","status-publish","hentry"],"_links":{"self":[{"href":"https:\/\/juedischekulturmuenchen.de\/index.php?rest_route=\/wp\/v2\/pages\/655","targetHints":{"allow":["GET"]}}],"collection":[{"href":"https:\/\/juedischekulturmuenchen.de\/index.php?rest_route=\/wp\/v2\/pages"}],"about":[{"href":"https:\/\/juedischekulturmuenchen.de\/index.php?rest_route=\/wp\/v2\/types\/page"}],"author":[{"embeddable":true,"href":"https:\/\/juedischekulturmuenchen.de\/index.php?rest_route=\/wp\/v2\/users\/2"}],"replies":[{"embeddable":true,"href":"https:\/\/juedischekulturmuenchen.de\/index.php?rest_route=%2Fwp%2Fv2%2Fcomments&post=655"}],"version-history":[{"count":26,"href":"https:\/\/juedischekulturmuenchen.de\/index.php?rest_route=\/wp\/v2\/pages\/655\/revisions"}],"predecessor-version":[{"id":2220,"href":"https:\/\/juedischekulturmuenchen.de\/index.php?rest_route=\/wp\/v2\/pages\/655\/revisions\/2220"}],"wp:attachment":[{"href":"https:\/\/juedischekulturmuenchen.de\/index.php?rest_route=%2Fwp%2Fv2%2Fmedia&parent=655"}],"curies":[{"name":"wp","href":"https:\/\/api.w.org\/{rel}","templated":true}]}}