{"id":2,"date":"2013-11-22T11:24:10","date_gmt":"2013-11-22T11:24:10","guid":{"rendered":"https:\/\/jkm.webkonzeption.info\/?page_id=2"},"modified":"2024-09-10T22:51:28","modified_gmt":"2024-09-10T20:51:28","slug":"beispiel-seite","status":"publish","type":"page","link":"https:\/\/juedischekulturmuenchen.de\/?page_id=2","title":{"rendered":"Impressum"},"content":{"rendered":"<p>Gesellschaft zur F\u00f6rderung j\u00fcdischer Kultur und Tradition e.V.<br \/>\nVorsitzende Judith Epstein<\/p>\n<p>Theatinerstra\u00dfe 40\/42 | 80333 M\u00fcnchen<br \/>\nE-Mail <a href=\"mailto:info@juedischekulturmuenchen.de\">info@juedischekulturmuenchen.de<\/a><\/p>\n<p>Vereinsregister<br \/>\nAmtsgericht M\u00fcnchen | VR 10136<\/p>\n<p>Gemeinn\u00fctzigkeit vom Finanzamt M\u00fcnchen<br \/>\nf\u00fcr K\u00f6rperschaften anerkannt<\/p>\n","protected":false},"excerpt":{"rendered":"<p>Gesellschaft zur F\u00f6rderung j\u00fcdischer Kultur und Tradition e.V. Vorsitzende Judith Epstein Theatinerstra\u00dfe 40\/42 | 80333 M\u00fcnchen E-Mail info@juedischekulturmuenchen.de Vereinsregister Amtsgericht M\u00fcnchen | VR 10136 Gemeinn\u00fctzigkeit vom Finanzamt M\u00fcnchen f\u00fcr K\u00f6rperschaften anerkannt<\/p>\n","protected":false},"author":2,"featured_media":0,"parent":0,"menu_order":0,"comment_status":"open","ping_status":"closed","template":"","meta":{"footnotes":""},"class_list":["post-2","page","type-page","status-publish","hentry"],"_links":{"self":[{"href":"https:\/\/juedischekulturmuenchen.de\/index.php?rest_route=\/wp\/v2\/pages\/2","targetHints":{"allow":["GET"]}}],"collection":[{"href":"https:\/\/juedischekulturmuenchen.de\/index.php?rest_route=\/wp\/v2\/pages"}],"about":[{"href":"https:\/\/juedischekulturmuenchen.de\/index.php?rest_route=\/wp\/v2\/types\/page"}],"author":[{"embeddable":true,"href":"https:\/\/juedischekulturmuenchen.de\/index.php?rest_route=\/wp\/v2\/users\/2"}],"replies":[{"embeddable":true,"href":"https:\/\/juedischekulturmuenchen.de\/index.php?rest_route=%2Fwp%2Fv2%2Fcomments&post=2"}],"version-history":[{"count":10,"href":"https:\/\/juedischekulturmuenchen.de\/index.php?rest_route=\/wp\/v2\/pages\/2\/revisions"}],"predecessor-version":[{"id":2331,"href":"https:\/\/juedischekulturmuenchen.de\/index.php?rest_route=\/wp\/v2\/pages\/2\/revisions\/2331"}],"wp:attachment":[{"href":"https:\/\/juedischekulturmuenchen.de\/index.php?rest_route=%2Fwp%2Fv2%2Fmedia&parent=2"}],"curies":[{"name":"wp","href":"https:\/\/api.w.org\/{rel}","templated":true}]}}